14?
14
What is the remainder when 9138737 is divided by 83?
22
Calculate the remainder when 3740966 is divided by 23.
16
What is the remainder when 2256878 is divided by 4971?
44
Calculate the remainder when 47581 is divided by 1584.
61
What is the remainder when 235524 is divided by 1784?
36
Calculate the remainder when 247892 is divided by 606.
38
What is the remainder when 25576 is divided by 7318?
3622
What is the remainder when 2083736 is divided by 1663?
1660
What is the remainder when 18002655 is divided by 4500663?
3
Calculate the remainder when 1152 is divided by 160.
32
Calculate the remainder when 17886288 is divided by 8943133.
22
Calculate the remainder when 1337466 is divided by 21.
18
What is the remainder when 1656152 is divided by 2968?
8
Calculate the remainder when 350819 is divided by 87057.
2591
Calculate the remainder when 6719426 is divided by 959911.
49
What is the remainder when 5552 is divided by 5370?
182
Calculate the remainder when 4707804 is divided by 364.
192
Calculate the remainder when 4619009 is divided by 18043.
1
What is the remainder when 3742519 is divided by 256?
55
What is the remainder when 2663989 is divided by 321?
10
Calculate the remainder when 3696855 is divided by 6520.
15
What is the remainder when 42479242 is divided by 1930873?
36
Calculate the remainder when 25393057 is divided by 28.
25
Calculate the remainder when 1544041 is divided by 771553.
935
Calculate the remainder when 15404 is divided by 3972.
3488
What is the remainder when 6398810 is divided by 290855?
0
What is the remainder when 1554200 is divided by 518012?
164
Calculate the remainder when 27240304 is divided by 1511.
1507
Calculate the remainder when 23552881 is divided by 206.
77
Calculate the remainder when 73772095 is divided by 134.
3
Calculate the remainder when 20434 is divided by 20416.
18
Calculate the remainder when 5033027 is divided by 324.
11
What is the remainder when 4800270 is divided by 815?
735
What is the remainder when 17134808 is divided by 70?
68
Calculate the remainder when 335951 is divided by 41974.
159
What is the remainder when 41719993 is divided by 5?
3
What is the remainder when 25938347 is divided by 100148?
15
What is the remainder when 47663 is divided by 11563?
1411
Calculate the remainder when 623856 is divided by 8639.
1848
What is the remainder when 78723739 is divided by 24?
19
Calculate the remainder when 90421 is divided by 45155.
111
Calculate the remainder when 958271 is divided by 172.
59
What is the remainder when 1066689 is divided by 533331?
27
Calculate the remainder when 410102 is divided by 55.
22
Calculate the remainder when 8809553 is divided by 121.
27
What is the remainder when 202106 is divided by 67175?
581
What is the remainder when 4217826 is divided by 263609?
82
Calculate the remainder when 280711 is divided by 19802.
3483
What is the remainder when 2030347 is divided by 1015127?
93
What is the remainder when 2360824 is divided by 106?
98
Calculate the remainder when 9909469 is divided by 6205.
84
What is the remainder when 4822641 is divided by 419?
370
Calculate the remainder when 149711 is divided by 4302.
3443
What is the remainder when 535189 is divided by 18447?
226
What is the remainder when 3627880 is divided by 1208972?
964
What is the remainder when 437450 is divided by 218690?
70
What is the remainder when 140248514 is divided by 1928?
10
Calculate the remainder when 5446088 is divided by 727.
131
Calculate the remainder when 9489906 is divided by 4744929.
48
What is the remainder when 1143538 is divided by 105?
88
What is the remainder when 364523 is divided by 4744?
3979
Calculate the remainder when 312215 is divided by 95.
45
What is the remainder when 817676 is divided by 10094?
62
Calculate the remainder when 279126 is divided by 11.
1
Calculate the remainder when 276333 is divided by 879.
327
Calculate the remainder when 263890 is divided by 8511.
49
What is the remainder when 147081 is divided by 73489?
103
What is the remainder when 89374 is divided by 22324?
78
Calculate the remainder when 803388 is divided by 5348.
1188
What is the remainder when 8561696 is divided by 1712337?
11
What is the remainder when 106467839 is divided by 35884?
11
What is the remainder when 645394 is divided by 322647?
100
What is the remainder when 63310 is divided by 20118?
2956
What is the remainder when 682698 is divided by 17052?
618
Calculate the remainder when 89647 is divided by 2567.
2369
Calculate the remainder when 103610891 is divided by 28.
27
What is the remainder when 35950 is divided by 480?
430
What is the remainder when 5008782 is divided by 2667?
156
Calculate the remainder when 270255 is divided by 1485.
1470
What is the remainder when 783928 is divided by 2354?
46
Calculate the remainder when 1547769 is divided by 2293.
2287
Calculate the remainder when 829390172 is divided by 276463389.
5
Calculate the remainder when 212044 is divided by 83.
62
Calculate the remainder when 19505406 is divided by 1147376.
14
What is the remainder when 24556 is divided by 5399?
2960
What is the remainder when 15670479 is divided by 870580?
39
What is the remainder when 360278 is divided by 231?
149
Calculate the remainder when 44663 is divided by 22317.
29
Calculate the remainder when 905731 is divided by 4771.
4012
Calculate the remainder when 1264913 is divided by 544.
113
What is the remainder when 150225 is divided by 50025?
150
What is the remainder when 21381536 is divided by 5?
1
What is the remainder when 5459668 is divided by 682449?
76
Calculate the remainder when 680559 is divided by 61861.
88
What is the remainder when 1885103 is divided by 209436?
179
What is the remainder when 14033180 is divided by 34395?
20
Calculate the remainder when 1618766 is divided by 7366.
5612
What is the remainder when 129141 is divided by 147?
75
What is the remainder when 12588653 is divided by 140?
133
Calculate the remainder when 262462 is divided by 131178.
106
What is the remainder when 103259 is divided by 29?
19
Calculate the remainder when 1137526 is divided by 112.
54
What is the remainder when 297292 is divided by 74257?
264
Calculate the remainder when 13182 is divided by 6535.
112
What is the remainder when 97060 is divided by 96460?
600
What is the remainder when 2294845 is divided by 764934?
43
Calculate the remainder when 1441802 is divided by 363.
329
Calculate the remainder when 1426052 is divided by 356511.
8
What is the remainder when 107046 is divided by 7092?
666
What is the remainder when 194312798 is divided by 400?
398
What is the remainder when 12777422 is divided by 12777196?
226
Calculate the remainder when 124038 is divided by 436.
214
What is the remainder when 1458812 is divided by 162089?
11
Calculate the remainder when 3175861 is divided by 5838.
5827
What is the remainder when 39476571 is divided by 1677?
1668
Calculate the remainder when 31321112 is divided by 31.
14
What is the remainder when 2168567 is divided by 1643?
1450
Calculate the remainder when 12521378 is divided by 12521363.
15
Calculate the remainder when 230854 is divided by 392.
358
Calculate the remainder when 30285449 is divided by 1757.
40
Calculate the remainder when 21682766 is divided by 3420.
3386
Calculate the remainder when 1438301 is divided by 72.
29
What is the remainder when 20724544 is divided by 52?
48
Calculate the remainder when 16410606 is divided by 3659.
3650
Calculate the remainder when 43526 is divided by 1279.
40
Calculate the remainder when 7356695 is divided by 7356589.
106
Calculate the remainder when 26738 is divided by 4567.
3903
What is the remainder when 1483173 is divided by 8776?
29
Calculate the remainder when 193412 is divided by 193370.
42
What is the remainder when 71643 is divided by 553?
306
What is the remainder when 1491823 is divided by 25721?
5
Calculate the remainder when 1391384 is divided by 730.
4
What is the remainder when 5280 is divided by 4813?
467
Calculate the remainder when 4198095 is divided by 79207.
124
What is the remainder when 66077 is divided by 29145?
7787
What is the remainder when 36043 is divided by 7131?
388
Calculate the remainder when 86409 is divided by 906.
339
What is the remainder when 2554731 is divided b